+ i. What is the units digit of f?
9
Let h = 21 + -10. Let j be (-18)/(-99) + 834/h. What is the tens digit of (-18 + 21)/(6/j)?
3
Let b = -145 + 149. Let v be ((-7)/(-2) + -2)*b/3. Suppose 4*c - 1016 = 3*n - 353, -v*c + 334 = -4*n. What is the tens digit of c?
6
Let v(d) = d**2 - 7*d + 15. Let k be (92/(-10))/(19/10 + -2). Let z = 101 - k. What is the units digit of v(z)?
3
Suppose -4455 = 175*w - 184*w. Suppose -67*q = -w - 5066. What is the tens digit of q?
8
Let u = -2409 + 4157. What is the hundreds digit of u?
7
Suppose 0 = -22*a + 8998 + 26488. What is the units digit of a?
3
Suppose 2*w + s - 66891 = 0, -46*w - 2*s + 33453 = -45*w. What is the hundreds digit of w?
4
Let p = -325 - -590. Suppose 2*h - p = -3*h. Suppose -o + h = -10. What is the tens digit of o?
6
Suppose 21*j - 19*j = 4. Suppose 18 = 4*h + j. Suppose 5*a + p - 476 = 0, -3*a + a + h*p + 186 = 0. What is the units digit of a?
5
Let u = 14999 + -10043. What is the thousands digit of u?
4
What is the thousands digit of ((-7940)/6)/(885/225 + -4)?
9
Let k = -27105 - -45791. What is the tens digit of k?
8
Let w(y) = 12*y + 255. Let o be w(-21). Suppose o*b - j = b + 791, 5*b - 1975 = 3*j. What is the tens digit of b?
9
Let y(g) = g**2 + 18*g + 16. Suppose 0 = -6*t + t - 85. Let h be y(t). What is the tens digit of -4 + 4 + h - 52/(-4)?
1
Let w(f) be the third derivative of f**5/10 + 25*f**4/24 - f**3 - 41*f**2. What is the hundreds digit of w(-7)?
1
Let y(x) = -4*x**3 + 2*x**2 - 6*x + 15. Let s be y(2). What is the units digit of (-10507)/s + (-12)/(-18)?
1
Let a(g) = 2590*g**2 + 198*g - 197. What is the units digit of a(1)?
1
Let l(w) = 2*w**3 - 28*w**2 - 57*w + 127. What is the tens digit of l(21)?
0
Suppose -37*z = -8*z - 122786. Suppose 36*v - z - 10958 = 0. What is the units digit of v?
2
Suppose -22*k + 444804 = -127988. What is the tens digit of k?
3
Let f be 1/((-35)/(-56))*15. Suppose -5791 = -f*w - 1111. What is the units digit of w?
5
Suppose 0 = -208*f + 201*f + 27468. What is the tens digit of f?
2
Let g be 30/4 + -1 - (-35)/(-70). What is the tens digit of 2942/g - 2 - (-26)/39?
8
Let a = -4699 - -7064. Suppose 5*x + 415 - a = 0. Suppose 5*z = -2*j + 496, -3*j = -4*z - 8*j + x. What is the hundreds digit of z?
1
Suppose -844*c - 3504350 = -953*c. What is the hundreds digit of c?
1
What is the ten thousands digit of (-22)/(-275) + (-3002584)/(-200)?
1
Suppose -36*s = -32*s - 876. Let b = s + 85. What is the units digit of b/14 - 36/(-126)?
2
Suppose 391204 = 130*v + 69454. What is the thousands digit of v?
2
What is the units digit of (-10)/4*652984/(-620)?
3
Let k be (-1*3/9)/((-8)/(-48)). Let z(y) = 233*y**2 - 17*y - 34. What is the hundreds digit of z(k)?
9
Let s(w) = 7*w**3 + 3*w**2 + 2*w. Let i be s(2). Let v = 13 - i. What is the units digit of -2 + 2 - -4 - v?
3
Let r = 3 - -513. Suppose -r = -4*g + 1524. What is the hundreds digit of g?
5
Let o(t) = 17*t**2 + 303*t + 29. What is the thousands digit of o(17)?
0
Let q(i) = -8647*i - 12828. What is the hundreds digit of q(-5)?
4
Let n(d) = d**2 - 4. Let b be n(-3). Suppose -u + 54 = b*u. What is the units digit of (u/2)/(48/2336)?
9
Let j = 4267 - 2416. Suppose -411 + j = 6*l. What is the units digit of l?
0
Suppose -6*t + 253 = 235. Suppose t*v - 2*w - 3244 = -6*w, 4*w = 5*v - 5396. What is the units digit of v?
0
Let y = 72 + -75. What is the tens digit of (-23632)/(-24) + (-1)/y?
8
Let l = 5662 - -3137. What is the tens digit of l?
9
Let s = -82 + 119. Suppose 0 = -2*o + 4*d + 82, -2*o + d + s = 6*d. Suppose 2*r = o + 23. What is the tens digit of r?
2
Suppose -6*j + 4*m = -2*j + 16, 0 = -2*j - 4*m + 16. Suppose j = -r + 3 + 4. What is the units digit of (-3 + r*-5)*15/(-6)?
5
Suppose -4*j = -5*a - 9166, 62*j + 11449 = 67*j - 2*a. What is the units digit of j?
9
Let g(q) be the first derivative of 2*q**3/3 - q**2/2 - 8*q + 9. Let t be g(3). Suppose 4*d - 188 = c, -2*c = -t*c. What is the tens digit of d?
4
Let q(d) = 41*d - 370 - 372 + 787. Let h be q(4). Suppose 2*y - h = 285. What is the units digit of y?
7
Let y(c) = 130*c**2 + 3*c + 4. Let t be y(-1). Let f = t + -193. Let s = 167 + f. What is the tens digit of s?
0
Suppose 5*v - 4*s - 83928 = 2*v, 9*s + 111904 = 4*v. What is the tens digit of v?
7
Let f = -40 + 40. Suppose j + j + 5*x = 0, f = 3*j - 3*x. Suppose j = 3*u - 11*u + 344. What is the tens digit of u?
4
Let o be (12782/42)/(2/6). Suppose -o = -6*l + 3845. What is the units digit of l?
3
Suppose 4*i + 92 = -100. What is the tens digit of (-1445)/(-40) - (-6)/i?
3
Let i(a) = 514*a**2 - 23*a - 4. Let x be i(3). Suppose -x + 36492 = 41*l. What is the units digit of l?
9
Suppose 0*j = -j + 33545 + 17650. What is the hundreds digit of j?
1
Let b = 67 - 65. Let r(p) = 4*p**2 - 2*p + 2. Let a be r(b). Suppose -13*w + a*w - 131 = 0. What is the hundreds digit of w?
1
Suppose -25*y + 21*y = -5*f - 12, 5*y = -3*f + 15. What is the hundreds digit of ((-2898)/45)/(65/25 - y)?
1
What is the ten thousands digit of ((-1)/(-3))/(5/(-3)) - 333613020/(-12350)?
2
Suppose 2*d - 3089 = 4*q + 287, 4*d - 6755 = 5*q. Suppose 31*c + 2*s = 34*c - d, -4*c = -3*s - 2255. What is the units digit of c?
0
Suppose f - 3259 = -2*o + 2319, 5*f - 5*o = 27890. What is the thousands digit of f?
5
Let k(c) be the first derivative of -33 + 1/3*c**3 + 27*c + 11/2*c**2. What is the tens digit of k(-17)?
2
Let x = 95143 - 44104. What is the thousands digit of x?
1
What is the thousands digit of (-2)/6 - (-592524)/108?
5
Let m = -3060 + 3672. What is the units digit of m?
2
Suppose -4*o - 113 = 3*f, 0 = -2*o - 6*f + f - 67. Let b be (-21)/91*(-11 + -15). What is the tens digit of o/(-39)*387/b?
4
Let o(m) = -166*m + 22. Let r be o(-29). What is the units digit of r/24*(1 + 1)?
3
Let j be 12/30 - (-3)/(-15)*-3. Let a be j/(-1) + (-6)/(-4)*4. Suppose a*g + 2*g = 1484. What is the units digit of g?
2
Suppose -21*n + 386136 = 72*n. What is the units digit of n?
2
Suppose -4*d = 8*d + 948. Let s = d - -81. Suppose y + 161 = s*y. What is the units digit of y?
1
Let x(r) = 82*r + 4 + 13 + 130*r - 3. What is the hundreds digit of x(1)?
2
Let x(c) = -3*c + 5. Let v(t) be the third derivative of t**4/6 - 7*t**3/6 - 4*t**2. Let b(i) = 5*v(i) + 7*x(i). What is the units digit of b(-2)?
2
Let i(t) = -94*t**3 + 2*t**2 + 47*t + 133. What is the units digit of i(-4)?
3
Suppose 0 = 12*z - 9*z - 15, z + 253 = -h. Let q = h + 1430. What is the units digit of q?
2
Suppose 3*j - 4 = 5. Let c(v) = 3*v**2 + 6. Let m be c(j). Suppose 3*x - 554 = d, 401 - m = 2*x - d. What is the units digit of x?
6
Suppose 44*t = -12780 + 43492. What is the tens digit of t?
9
Let v = 868 + -864. Suppose -5*q + 8052 = 2*t, q + 0*t - 1596 = -v*t. What is the thousands digit of q?
1
Let w(a) = a**3 + a**2 - a + 1. Let c(p) = 2*p**3 + 4*p**2 - 8*p + 4. Let o(g) = -c(g) + 8*w(g). Let n be o(-3). Let z = n - -209. What is the tens digit of z?
8
Let d = -16 - -19. Suppose 0 = d*q - 0*q - 1065. Suppose -4*j = j - q. What is the units digit of j?
1
Let j be (2*1)/(1 - 51/53). Suppose 2*n - 5*f + 0*f - 43 = 0, 0 = 4*n + f - j. Suppose -12*c - 58 = -n*c. What is the tens digit of c?
2
Let a be (1 + 32 + 3)*9/27. Suppose 532 = -a*n + 14*n. What is the units digit of n?
6
Let o(w) be the third derivative of w**5/12 + 17*w**4/24 + 35*w**3/3 + 2*w**2 - 14*w. What is the tens digit of o(-15)?
4
Suppose 188*q - 1069024 = 12*q. What is the thousands digit of q?
6
Let d be -188*-1*52/16. Suppose 0 = a + 3*a - 5*n - d, 3*a = -4*n + 497. What is the units digit of a?
9
Let h = 114626 + -78712. What is the ten thousands digit of h?
3
Let j be (-1*248)/(-8) - 2*1. Suppose 5*v - j = -104. Let i(a) = a**3 + 15*a**2 - 13*a + 15. What is the tens digit of i(v)?
1
Let s = -77786 - -150247. What is the thousands digit of s?
2
Let y(h) be the second derivative of 8*h**4/3 - h**3/2 - 2*h**2 + 16*h. Let n be (-8)/20 - (6/10 - 0). What is the tens digit of y(n)?
3
Suppose -a - 12 = -5*a. Let d(h) = h + 22*h**3 + 6 - 3*h**2 - 23*h**3 + a*h. What is the units digit of d(-4)?
6
Let j(l) = -5*l - 120. Let h be j(-31). What is the hundreds digit of h*(5 - 155/(-25))?
3
Let n(a) be the third derivative of -5*a**4/4 + 97*a**3/6 - 31*a**2. What is the tens digit of n(-8)?
3
Suppose -15*x + 53*x - 17518 = 0. 